{"id":1309,"date":"2020-10-22T00:21:38","date_gmt":"2020-10-22T03:21:38","guid":{"rendered":"http:\/\/sinspeb.org.br\/?page_id=1309"},"modified":"2025-08-22T16:37:21","modified_gmt":"2025-08-22T19:37:21","slug":"o-sindicato","status":"publish","type":"page","link":"https:\/\/sinspeb.org.br\/?page_id=1309","title":{"rendered":"O SINDICATO"},"content":{"rendered":"<style type=\"text\/css\">\n#foogallery-gallery-1654 .fg-image { width: 150px; }\n#foogallery-gallery-1654 { --fg-gutter: 10px; }<\/style>\n\t\t\t<div class=\"foogallery foogallery-container foogallery-default foogallery-lightbox-foobox fg-left fg-default fg-ready fg-light fg-border-thin fg-shadow-outline fg-loading-default fg-loaded-fade-in fg-caption-hover fg-hover-fade fg-hover-zoom\" id=\"foogallery-gallery-1654\" data-foogallery=\"{&quot;item&quot;:{&quot;showCaptionTitle&quot;:true,&quot;showCaptionDescription&quot;:true},&quot;lazy&quot;:true}\" >\n\t<div class=\"fg-item fg-type-image fg-idle\"><figure class=\"fg-item-inner\"><a href=\"https:\/\/sinspeb.org.br\/wp-content\/uploads\/2020\/10\/img-h-1000x600-1.jpg\" data-attachment-id=\"1655\" data-type=\"image\" class=\"fg-thumb\"><span class=\"fg-image-wrap\"><img decoding=\"async\" width=\"150\" height=\"150\" class=\"skip-lazy fg-image\" data-src-fg=\"https:\/\/sinspeb.org.br\/wp-content\/uploads\/cache\/2020\/10\/img-h-1000x600-1\/4009459209.jpg\" src=\"data:image\/svg+xml,%3Csvg%20xmlns%3D%22http%3A%2F%2Fwww.w3.org%2F2000%2Fsvg%22%20width%3D%22150%22%20height%3D%22150%22%20viewBox%3D%220%200%20150%20150%22%3E%3C%2Fsvg%3E\" loading=\"eager\"><\/span><span class=\"fg-image-overlay\"><\/span><\/a><\/figure><div class=\"fg-loader\"><\/div><\/div><div class=\"fg-item fg-type-image fg-idle\"><figure class=\"fg-item-inner\"><a href=\"https:\/\/sinspeb.org.br\/wp-content\/uploads\/2020\/10\/img-a-1000x600-1.jpg\" data-attachment-id=\"1656\" data-type=\"image\" class=\"fg-thumb\"><span class=\"fg-image-wrap\"><img decoding=\"async\" width=\"150\" height=\"150\" class=\"skip-lazy fg-image\" data-src-fg=\"https:\/\/sinspeb.org.br\/wp-content\/uploads\/cache\/2020\/10\/img-a-1000x600-1\/2286020974.jpg\" src=\"data:image\/svg+xml,%3Csvg%20xmlns%3D%22http%3A%2F%2Fwww.w3.org%2F2000%2Fsvg%22%20width%3D%22150%22%20height%3D%22150%22%20viewBox%3D%220%200%20150%20150%22%3E%3C%2Fsvg%3E\" loading=\"eager\"><\/span><span class=\"fg-image-overlay\"><\/span><\/a><\/figure><div class=\"fg-loader\"><\/div><\/div><div class=\"fg-item fg-type-image fg-idle\"><figure class=\"fg-item-inner\"><a href=\"https:\/\/sinspeb.org.br\/wp-content\/uploads\/2020\/10\/img-b-1000x600-1.jpg\" data-attachment-id=\"1657\" data-type=\"image\" class=\"fg-thumb\"><span class=\"fg-image-wrap\"><img decoding=\"async\" width=\"150\" height=\"150\" class=\"skip-lazy fg-image\" data-src-fg=\"https:\/\/sinspeb.org.br\/wp-content\/uploads\/cache\/2020\/10\/img-b-1000x600-1\/4119893102.jpg\" src=\"data:image\/svg+xml,%3Csvg%20xmlns%3D%22http%3A%2F%2Fwww.w3.org%2F2000%2Fsvg%22%20width%3D%22150%22%20height%3D%22150%22%20viewBox%3D%220%200%20150%20150%22%3E%3C%2Fsvg%3E\" loading=\"eager\"><\/span><span class=\"fg-image-overlay\"><\/span><\/a><\/figure><div class=\"fg-loader\"><\/div><\/div><div class=\"fg-item fg-type-image fg-idle\"><figure class=\"fg-item-inner\"><a href=\"https:\/\/sinspeb.org.br\/wp-content\/uploads\/2020\/10\/img-c-1000x600-1.jpg\" data-attachment-id=\"1658\" data-type=\"image\" class=\"fg-thumb\"><span class=\"fg-image-wrap\"><img decoding=\"async\" width=\"150\" height=\"150\" class=\"skip-lazy fg-image\" data-src-fg=\"https:\/\/sinspeb.org.br\/wp-content\/uploads\/cache\/2020\/10\/img-c-1000x600-1\/352075431.jpg\" src=\"data:image\/svg+xml,%3Csvg%20xmlns%3D%22http%3A%2F%2Fwww.w3.org%2F2000%2Fsvg%22%20width%3D%22150%22%20height%3D%22150%22%20viewBox%3D%220%200%20150%20150%22%3E%3C%2Fsvg%3E\" loading=\"eager\"><\/span><span class=\"fg-image-overlay\"><\/span><\/a><\/figure><div class=\"fg-loader\"><\/div><\/div><div class=\"fg-item fg-type-image fg-idle\"><figure class=\"fg-item-inner\"><a href=\"https:\/\/sinspeb.org.br\/wp-content\/uploads\/2020\/10\/img-d-1000x600-1.jpg\" data-attachment-id=\"1659\" data-type=\"image\" class=\"fg-thumb\"><span class=\"fg-image-wrap\"><img decoding=\"async\" width=\"150\" height=\"150\" class=\"skip-lazy fg-image\" data-src-fg=\"https:\/\/sinspeb.org.br\/wp-content\/uploads\/cache\/2020\/10\/img-d-1000x600-1\/2152025669.jpg\" src=\"data:image\/svg+xml,%3Csvg%20xmlns%3D%22http%3A%2F%2Fwww.w3.org%2F2000%2Fsvg%22%20width%3D%22150%22%20height%3D%22150%22%20viewBox%3D%220%200%20150%20150%22%3E%3C%2Fsvg%3E\" loading=\"eager\"><\/span><span class=\"fg-image-overlay\"><\/span><\/a><\/figure><div class=\"fg-loader\"><\/div><\/div><div class=\"fg-item fg-type-image fg-idle\"><figure class=\"fg-item-inner\"><a href=\"https:\/\/sinspeb.org.br\/wp-content\/uploads\/2020\/10\/img-e-1000x600-1.jpg\" data-attachment-id=\"1660\" data-type=\"image\" class=\"fg-thumb\"><span class=\"fg-image-wrap\"><img decoding=\"async\" width=\"150\" height=\"150\" class=\"skip-lazy fg-image\" data-src-fg=\"https:\/\/sinspeb.org.br\/wp-content\/uploads\/cache\/2020\/10\/img-e-1000x600-1\/3768996897.jpg\" src=\"data:image\/svg+xml,%3Csvg%20xmlns%3D%22http%3A%2F%2Fwww.w3.org%2F2000%2Fsvg%22%20width%3D%22150%22%20height%3D%22150%22%20viewBox%3D%220%200%20150%20150%22%3E%3C%2Fsvg%3E\" loading=\"eager\"><\/span><span class=\"fg-image-overlay\"><\/span><\/a><\/figure><div class=\"fg-loader\"><\/div><\/div><div class=\"fg-item fg-type-image fg-idle\"><figure class=\"fg-item-inner\"><a href=\"https:\/\/sinspeb.org.br\/wp-content\/uploads\/2020\/10\/img-f-1000x600-1.jpg\" data-attachment-id=\"1661\" data-type=\"image\" class=\"fg-thumb\"><span class=\"fg-image-wrap\"><img decoding=\"async\" width=\"150\" height=\"150\" class=\"skip-lazy fg-image\" data-src-fg=\"https:\/\/sinspeb.org.br\/wp-content\/uploads\/cache\/2020\/10\/img-f-1000x600-1\/2641832225.jpg\" src=\"data:image\/svg+xml,%3Csvg%20xmlns%3D%22http%3A%2F%2Fwww.w3.org%2F2000%2Fsvg%22%20width%3D%22150%22%20height%3D%22150%22%20viewBox%3D%220%200%20150%20150%22%3E%3C%2Fsvg%3E\" loading=\"eager\"><\/span><span class=\"fg-image-overlay\"><\/span><\/a><\/figure><div class=\"fg-loader\"><\/div><\/div><div class=\"fg-item fg-type-image fg-idle\"><figure class=\"fg-item-inner\"><a href=\"https:\/\/sinspeb.org.br\/wp-content\/uploads\/2020\/10\/img-g-1000x600-1.jpg\" data-attachment-id=\"1662\" data-type=\"image\" class=\"fg-thumb\"><span class=\"fg-image-wrap\"><img decoding=\"async\" width=\"150\" height=\"150\" class=\"skip-lazy fg-image\" data-src-fg=\"https:\/\/sinspeb.org.br\/wp-content\/uploads\/cache\/2020\/10\/img-g-1000x600-1\/4067206083.jpg\" src=\"data:image\/svg+xml,%3Csvg%20xmlns%3D%22http%3A%2F%2Fwww.w3.org%2F2000%2Fsvg%22%20width%3D%22150%22%20height%3D%22150%22%20viewBox%3D%220%200%20150%20150%22%3E%3C%2Fsvg%3E\" loading=\"eager\"><\/span><span class=\"fg-image-overlay\"><\/span><\/a><\/figure><div class=\"fg-loader\"><\/div><\/div><\/div>\n\n<h1><\/h1>\n<h1 class=\"mbr-section-title mbr-white pb-3 mbr-fonts-style display-1\">NOSSA HIST\u00d3RIA<\/h1>\n<p>A Associa\u00e7\u00e3o dos Servidores de Presidio do Estado da Bahia &#8211; ASPEB, foi fundada em 04 de fevereiro 1987 e na data de 22 de janeiro de 1991, foi transformada em Sindicato dos Servidores de Presidio do Estado da Bahia &#8211; SINSPEB, em 1994, no I Congresso da categoria, teve sua denomina\u00e7\u00e3o alterada para Sindicato dos Servidores Penitenci\u00e1rios do Estado da Bahia &#8211; SINSPEB e por falta de registro, em tempo h\u00e1bil, no Minist\u00e9rio do Trabalho (Portaria n\u00ba 243\/2000), desta \u00faltima altera\u00e7\u00e3o da raz\u00e3o social, promoveu-se nova delibera\u00e7\u00e3o da categoria na Reforma Estatut\u00e1ria ocorrida em 30 de setembro, 01 e 02 de outubro de 2005, no Il Congresso da categoria, que referendou \u00e0quela decis\u00e3o, estando tamb\u00e9m em conson\u00e2ncia com a Lei n\u00ba 10.406 de 10 de janeiro de 2002.<\/p>\n<p>No ano de 2013 houve nova proposta de Reforma Estatut\u00e1ria no III Congresso da categoria, essa proposta foi rejeitada pelos presentes. Ato cont\u00ednuo, foi votada em Assembleia Geral realizada no dia 05 de junho de 2015, na qual foi escolhida a data de 08 de julho para realiza\u00e7\u00e3o do IV Congresso da categoria, com o nome de 4\u00ba CONSE\u0420\u0415.<\/p>\n<p>Com o advento da EC 31\/2023 os antigos Agentes Penitenci\u00e1rios tornaram-se Policiais Penais, em conc\u00f3rdia com a Emenda Constitucional 104\/2019 da Constitui\u00e7\u00e3o Federal, que inseriu a Pol\u00edcia Penal no plexo de institui\u00e7\u00f5es de Seguran\u00e7a P\u00fablica por conta disso foi encaminhado pelo Presidente as altera\u00e7\u00f5es: da categoria passando a representar os Policiais Penais e Servidores Penitenci\u00e1rios; e da nomenclatura do Sindicato dos Servidores Penitenci\u00e1rios do Estado da Bahia passando a chamar-se Sindicato dos Policiais Penais e Servidores Penitenci\u00e1rios do Estado da Bahia &#8211; SINPPSPEB, na Assembleia Geral Extraordin\u00e1ria de 10 de novembro de 2023.<\/p>\n<p>Em 2024, na inten\u00e7\u00e3o de adequar o texto estatut\u00e1rio a legisla\u00e7\u00e3o vigente, atualizando seu conte\u00fado no que tange ao regime atual de gest\u00e3o, trazendo moderniza\u00e7\u00e3o ao relacionamento com os representados, e adequando as demais necessidades da categoria, apreciada e aprovada em Assembleia Geral Extraordin\u00e1ria de 20 de novembro de 2024.<\/p>\n<a class=\"maxbutton-4 maxbutton maxbutton-estatuto\" title=\"CLIQUE AQUI E CONFIRA NOSSO ESTATUTO\" href=\"http:\/\/sinspeb.org.br\/wp-content\/uploads\/2025\/08\/Estatuto-2025-Registrado.pdf\"><span class='mb-text'>NOSSO ESTATUTO<\/span><\/a>\n","protected":false},"excerpt":{"rendered":"<p>NOSSA HIST\u00d3RIA A Associa\u00e7\u00e3o dos Servidores de Presidio do Estado da Bahia &#8211; ASPEB, foi fundada em 04 de fevereiro<\/p>\n","protected":false},"author":1,"featured_media":1599,"parent":0,"menu_order":0,"comment_status":"closed","ping_status":"closed","template":"","meta":{"colormag_page_container_layout":"default_layout","colormag_page_sidebar_layout":"default_layout","footnotes":""},"class_list":["post-1309","page","type-page","status-publish","has-post-thumbnail","hentry"],"_links":{"self":[{"href":"https:\/\/sinspeb.org.br\/index.php?rest_route=\/wp\/v2\/pages\/1309","targetHints":{"allow":["GET"]}}],"collection":[{"href":"https:\/\/sinspeb.org.br\/index.php?rest_route=\/wp\/v2\/pages"}],"about":[{"href":"https:\/\/sinspeb.org.br\/index.php?rest_route=\/wp\/v2\/types\/page"}],"author":[{"embeddable":true,"href":"https:\/\/sinspeb.org.br\/index.php?rest_route=\/wp\/v2\/users\/1"}],"replies":[{"embeddable":true,"href":"https:\/\/sinspeb.org.br\/index.php?rest_route=%2Fwp%2Fv2%2Fcomments&post=1309"}],"version-history":[{"count":9,"href":"https:\/\/sinspeb.org.br\/index.php?rest_route=\/wp\/v2\/pages\/1309\/revisions"}],"predecessor-version":[{"id":3301,"href":"https:\/\/sinspeb.org.br\/index.php?rest_route=\/wp\/v2\/pages\/1309\/revisions\/3301"}],"wp:featuredmedia":[{"embeddable":true,"href":"https:\/\/sinspeb.org.br\/index.php?rest_route=\/wp\/v2\/media\/1599"}],"wp:attachment":[{"href":"https:\/\/sinspeb.org.br\/index.php?rest_route=%2Fwp%2Fv2%2Fmedia&parent=1309"}],"curies":[{"name":"wp","href":"https:\/\/api.w.org\/{rel}","templated":true}]}}